 (9 - ((6 + -18 - -21) + (1 - 8))) + -65.
-58
What is -70 - ((11 - -6) + -60)?
-27
What is (-1 - -37) + -5 + (-24 - -22) + -12?
17
Calculate (-70 - -49) + (21 + 9 - 11).
-2
Calculate 52 - (83 - (59 + -88)).
-60
What is the value of 177 + -65 + 11 - (24 - (0 - -1))?
100
What is -30 + (-21 - 1) + (-80 + 32 - -59)?
-41
-17 - ((0 - -13) + (55 - -8) + -8)
-85
-44 - (-44 + -18 + -46)
64
-28 + 45 + 7 + -46
-22
Evaluate -6 - (-12 - (8 + 9 + -26 + 1)).
-2
What is (31 - 81) + 97 + -16?
31
What is the value of -136 - (-113 - (162 + -56))?
83
What is -54 + (-66 - -68) + (-2 - 1) + (0 - -4)?
-51
Calculate -5 + 9 - 10 - (22 + -12 + -41).
25
What is the value of 18 - (3 + 25 - (20 + -39))?
-29
Calculate 8 - (12 + -28 + 9 + 8) - -30.
37
What is -195 - -92 - (-154 + 73)?
-22
(-4 - 0 - (67 + -43 + -26) - -4) + -79
-77
Calculate (-7094 - -7092) + (80 + 1 - -2).
81
What is 213 - 227 - ((-3 - 1) + -18)?
8
What is -715 + 662 + (17 - (2 + 2))?
-40
Evaluate (-2 - 13) + -164 + 60 + 155.
36
What is the value of (3 - -5) + -60 + (23 - 23) + -6?
-58
What is the value of 76 - (23 - (70 + -42))?
81
Calculate -7 - -1 - (-58 - -74) - (14 - 71).
35
What is the value of -7 + 0 + -22 - -36 - -14?
21
What is -27 + 67 + 1 + -43?
-2
Evaluate 30 - (9 + 24) - (-29 - -12).
14
Calculate -8 - (20 - 2 - (-44 + 51 - -6)).
-13
Evaluate 1 + -10 + 1 + (-1688 - -1701).
5
103 + (38 + -26 - (25 - -6)) + 9
93
Calculate 2 + (-9 - -2) + 11 + -18 + 36.
24
Evaluate -3 + -5 - (-17 - (-22 - -9)).
-4
What is -2 - ((0 - -35) + (0 - (-6 + 11 - -2)))?
-30
Evaluate 24 + (-23 - -11) + -26 - (-30 - (0 - -3)).
19
What is the value of 9 + (18 - -1 - 8) + -38 - 1?
-19
What is the value of -57 - (-11 + 8 - (11 + 2 + -9))?
-50
Evaluate -3 + 72 + 0 + 37 + -4 + -44.
58
What is -29 - -43 - (44 - -35)?
-65
Evaluate 107 + -20 + (-47 - -11).
51
Calculate -9 - -21 - (4 + -1 + 15).
-6
Evaluate (-19 - -8) + (-32 - -43 - 18).
-18
Evaluate 4 - -21 - -3 - (-18 - -9).
37
3 - -2 - (18 + -14 - (2 - -16) - 10)
29
Calculate 166 + 40 + -83 + -30.
93
Evaluate 1143 - 1109 - (0 - (-1 - -19)).
52
Evaluate (-3 - (-6 + -12 + 5)) + (28 - 19) + 124.
143
What is 1 + (15 - (12 - 38)) + 4 + -7?
39
Calculate (-21 - (-147 - 7)) + -34 + -19.
80
What is 1 + (-30 + 2 - -1)?
-26
20 + -1 + (-2 - 3 - (85 + -103) - 6)
26
Evaluate (-114 - (-89 + -77)) + -153.
-101
What is 13 + -34 + 51 + (10 - -2)?
42
What is the value of -11 - -1 - (-6 - (-16 - -11)) - (-174 + 183)?
-18
What is the value of -39 - -78 - (4 - (-4 - (-3 + 2 - -1)))?
31
What is the value of -89 + (-121 - -214) - (0 + -46)?
50
-17 - ((-35 - 9) + 32)
-5
What is 20 + (-15 + -15 + 17 - 6 - -32)?
33
Calculate 1 - (24 + 4) - (-167 - -141).
-1
What is (-19 - ((8 - 5 - -7) + (11 - 33))) + -18?
-25
What is the value of (-5 - 29) + -10 + 5 + (-40 - -52)?
-27
Evaluate -110 + (37 - 17) - (-37 - -37).
-90
What is the value of -2 + (-15 - 2) - (-5338 + 5256)?
63
Evaluate (-34 - -93) + -36 + -47.
-24
3 + 3 + (7 - 2 - (1 + -27 - -7))
30
What is 11 + -1 + (-13 - -9 - (-10 - -33 - 1))?
-16
What is (13 - (-4 + 9) - 16) + (12 - 53)?
-49
What is -116 + 130 - (14 + 2)?
-2
What is 2 - 1 - (19 + (-2 - -1) - (1598 + -1576))?
5
What is (-2 - 0) + -19 + 46 + -29?
-4
Calculate -19 + -13 - (27 - 73).
14
What is -15 - -16 - (-2 - -20) - (11 + -64)?
36
Calculate -7016 - -7006 - (1 + (-45 - 1)).
35
Calculate 31 - (10 - (10 + -8 + -6 + 13)).
30
What is (-89 - -70 - 24) + 57?
14
What is (2 - 11) + -2 + -16 + -19 + (-12 - -16)?
-42
20 - (3 + 4) - (-2 + 4 + -5)
16
Evaluate 50 + (10 - 3 - (23 + -2 - 6) - 3).
39
Calculate (-1 + (31 - 3) - -2) + (3 - -16) + -9.
39
Evaluate (-3 - (9 - 10 - -60)) + -15 - -16.
-61
Calculate (79 - 27) + (-56 - 6) + (1 + 1 - -5).
-3
What is (12 - -5 - -123) + -151?
-11
What is the value of (281 - 192) + -121 + 1 + -12 + -1?
-44
What is the value of -14 + -20 - -9 - -27?
2
What is 4 - -66 - (7 - -52)?
11
What is -49 - ((-24 - -60) + -115)?
30
What is (7 - 8 - (7 + -24) - 8) + 19?
27
What is -13 + -78 + 99 - (0 - 6)?
14
Evaluate 17 + -139 + (4 - -2) + (4 - (5 + 12)).
-129
Calculate (-111 - (5 - 95)) + 140 + 0.
119
Calculate 54 - (109 + 26 + -47).
-34
Calculate -82 + (17 + 54 - 40).
-51
(84 - (24 + -4) - (-3 - -7)) + -14
46
Calculate -32 + -12 + 18 + -11 + 29 - (27 - 0).
-35
What is (-2300 - -2315) + (-1 - (2 - 33)) - 1?
44
What is the value of -9 - (-50 - -80) - 8?
-47
What is -32 + (-51 - (-22 + -31))?
-30
-31 + 17 - (-18 + -1) - (30 - 13)
-12
Calculate 34 + -37 - ((5 - 1) + 14).
-21
Evaluate -34 - -19 - -133 - (5 + 11).
102
What is -36 - ((-5 - 24) + 32)?
-39
Evaluate 6 - (-25 - -2) - ((-1 - -5) + (-25 - -25)).
25
Evaluate -5 - (-66 + 14 + 30 + (-1 - -3)).
15
0 + 0 - (12 + -77 + 1 + 0 + -8)
72
Calculate 33 - ((50 + 19 - 43) + -46).
53
783 + -747 - (-5 + -30) - (-1 - -18)
54
Evaluate -105 - (-136 - -68) - 17.
-54
Calculate 27 - ((-2 - -8) + 6) - (5 - 5 - 0).
15
Evaluate -11 + -24 + 8 + 36 + 5.
14
What is the value of -125 + 4 + (46 - (68 + -51))?
-92
What is 72 + -43 + 34 + -87?
-24
What is the value of -2 + (20 - (31 + -14 - 5)) + (3 - 51)?
-42
Calculate (773 - 793) + (0 + 4 - -10).
-6
What is the value of 1 + -3 + 15 - (-18 + -4 + 12)?
23
Evaluate -16 + (12 - 7) + 15 + (-43 - -1).
-38
What is the value of -1 - -4 - (5 + 23 + -34 - 53)?
62
What is (-16 - 64) + 35 + 12 - -41?
8
What is the value of (-1 - -25 - (1607 + -1574)) + (-4 - 2)?
-15
What is 82 - (100 + -184 + 90)?
76
What is -7 - (-12 + (4 - (-11 - -29)) - 6)?
25
What is -176 + 25 + 126 + 101?
76
What is the value of -31 + -15 + 16 + (-2 - 4)?
-36
Evaluate 1 + -44 - ((-11 - (27 + -27)) + 0 + 3).
-35
What is the value of 19 - ((18 - 49) + 9 + 6)?
35
Calculate 127 + -206 + 41 - -164.
126
What is the value of -3626 + 3628 + (23 - -3)?
28
Calculate 7 + (-50 - (-27 + 5 - -3)).
-24
Calculate 0 + -4 + (-3 - 1) + 7 + (-59 - -63).
3
What is 14 + (-1 - 0) + (-149 - (40 - 198))?
22
Calculate (-56 - (26 + -33)) + (3 - (4 + -5 - -4)).
-49
Calculate -1 - 1 - -3 - (36 - -80 - 156).
41
-10 - ((-1 - 12) + (63 - 53)) - -20
13
-71 + -7 + 22 - -9
-47
What is 45 + 6 - 88 - 1?
-38
What is 5 + 3 + -6 + -56 + 12 + -20 + -2?
-64
Evaluate (-279 - (-26 - 105)) + 99.
-49
What is the value of 5 + -1 + 32 + -1 + -43 + 58?
50
Evaluate -23 + (35 + -29 - -18).
1
Calculate -43 + -1 + (71 - 99).
-72
Evaluate -29 - -5 - (42 + -5) - -22.
-39
What is the value of (10 - (16 - (-15 + 8 - -1))) + -20?
-32
What is 2391 - 2397 - (3 - (-1 - 32) - 3)?
-39
What is the value of (28 + -19 + -3 - (15 - 7 - 4)) + 69?
71
What is the value of -111 + 9 + (138 - 123)?
-87
Evaluate -3 - 6 - (13 + (-3 - 13) - -20 - 178).
152
-282 + 254 + (-22 - 26)
-76
Evaluate -114 + -65 + 181 - -62.
64
35 + (-22 - (-26 - -11) - (-1 - 1))
30
What is the value of 42 + (-5 - 18 - -40) + 4?
63
What is the value of 8 - (64 + -3 + -8) - (-5 + 1)?
-41
What is 150 + 2 - (2371 - 2267)?
48
Evaluate 39 + 19 + -22 + -20 + 17 + -4.
29
(16 - (24 + -2)) + (19 - 9) + 53
57
What is the value of 38 + (-70 - -78) - 45?
1
(12 + -12 - 50) + (-12 - -11) + 9
-42
Evaluate 9 - (18 - 12) - -13 - (-12 + -6 + 10).
24
-45 - (5 - -4 - (1 - -3) - (-10 - -9))
-51
Calculate -127 + 136 - (2 + -1 + 4 + 2 + 5).
-3
What is the value of (-9 - (-2 + 6)) + (-527 - -512)?
-28
92 + (29 - 96) + -1 + -14
10
What is the value of -34 + (20 - 23 - 13) + 19?
-31
What is 2 - (-15 - -6) - (-96 - -132)?
-25
What is 15 + -24 - (-38 + (-7 - -9 - 1) + 1)?
27
What is -156 - 71 - -236 - (-41 - -1)?
49
Evaluate (155 - 0) + -7035 + 6952.
72
Calculate 42 - (1 + -68 + 159).
-50
What is (-10 - -144) + (-15 - (14 - (13 + 3)) - -10)?
131
What is the value of -3 + (-1 - (0 + 2)) - -1 - (-1650 + 1658)?
-13
What is the value of 96 + -12 + -17 + -3 + 18 + 0 + 1?
83
Calculate -48 - ((-13 + -9 - -27) + 16).
-69
What is the value of 3 - 5 - (-19 + 7) - 14 - 16?
-20
-122 + (-40 - -112) + -8 + 15
-43
What is the value of (3 - 1 - -3 - 1 - 5) + -11?
-12
What is the value of -24 + 0 + -3 + (0 - -14) - -31?
18
Calculate -78 + 137 + -67 - (-42 - 2).
36
-17 + 2 - (-27 - (10 - 36)) - 3
-17
-18 - (50 - 6 - (5 + 3 + -13))
-67
-78 - (-4 + (-87 - -54))
-41
What is the value of (12 - (14 - (-22 - 52)) - (1 - -10)) + 1?
-86
711 + -632 + (-20 - -12)
71
Calculate -5 - (8 + (25 + -5 + 1 - 8 - 5)).
-21
Calculate (-52 - (-9 - 78)) + -53.
-18
Calculate (54 - (31 + -40 + 44)) + 109.
128
-43 +